{"id":229,"date":"2020-10-13T13:07:30","date_gmt":"2020-10-13T13:07:30","guid":{"rendered":"http:\/\/united-brains.org\/?page_id=229"},"modified":"2021-02-07T18:04:53","modified_gmt":"2021-02-07T18:04:53","slug":"zur-autorin","status":"publish","type":"page","link":"https:\/\/united-brains.org\/?page_id=229","title":{"rendered":"Zur Autorin"},"content":{"rendered":"\t\t<div data-elementor-type=\"wp-page\" data-elementor-id=\"229\" class=\"elementor elementor-229\" data-elementor-settings=\"[]\">\n\t\t\t\t\t\t<div class=\"elementor-inner\">\n\t\t\t\t\t\t\t<div class=\"elementor-section-wrap\">\n\t\t\t\t\t\t\t<section class=\"elementor-section elementor-top-section elementor-element elementor-element-741e2fe elementor-section-boxed elementor-section-height-default elementor-section-height-default\" data-id=\"741e2fe\" data-element_type=\"section\">\n\t\t\t\t\t\t<div class=\"elementor-container elementor-column-gap-default\">\n\t\t\t\t\t\t\t<div class=\"elementor-row\">\n\t\t\t\t\t<div class=\"elementor-column elementor-col-100 elementor-top-column elementor-element elementor-element-62a0fa9\" data-id=\"62a0fa9\" data-element_type=\"column\">\n\t\t\t<div class=\"elementor-column-wrap elementor-element-populated\">\n\t\t\t\t\t\t\t<div class=\"elementor-widget-wrap\">\n\t\t\t\t\t\t<div class=\"elementor-element elementor-element-eed8615 elementor-widget elementor-widget-heading\" data-id=\"eed8615\" data-element_type=\"widget\" data-widget_type=\"heading.default\">\n\t\t\t\t<div class=\"elementor-widget-container\">\n\t\t\t<h5 class=\"elementor-heading-title elementor-size-medium\">ZUR AUTORIN<\/h5>\t\t<\/div>\n\t\t\t\t<\/div>\n\t\t\t\t\t\t<\/div>\n\t\t\t\t\t<\/div>\n\t\t<\/div>\n\t\t\t\t\t\t\t\t<\/div>\n\t\t\t\t\t<\/div>\n\t\t<\/section>\n\t\t\t\t<section class=\"elementor-section elementor-top-section elementor-element elementor-element-6b67817 elementor-section-boxed elementor-section-height-default elementor-section-height-default\" data-id=\"6b67817\" data-element_type=\"section\">\n\t\t\t\t\t\t<div class=\"elementor-container elementor-column-gap-default\">\n\t\t\t\t\t\t\t<div class=\"elementor-row\">\n\t\t\t\t\t<div class=\"elementor-column elementor-col-100 elementor-top-column elementor-element elementor-element-3e8e549\" data-id=\"3e8e549\" data-element_type=\"column\">\n\t\t\t<div class=\"elementor-column-wrap elementor-element-populated\">\n\t\t\t\t\t\t\t<div class=\"elementor-widget-wrap\">\n\t\t\t\t\t\t<div class=\"elementor-element elementor-element-9790ebd elementor-widget-divider--view-line elementor-widget elementor-widget-divider\" data-id=\"9790ebd\" data-element_type=\"widget\" data-widget_type=\"divider.default\">\n\t\t\t\t<div class=\"elementor-widget-container\">\n\t\t\t\t\t<div class=\"elementor-divider\">\n\t\t\t<span class=\"elementor-divider-separator\">\n\t\t\t\t\t\t<\/span>\n\t\t<\/div>\n\t\t\t\t<\/div>\n\t\t\t\t<\/div>\n\t\t\t\t\t\t<\/div>\n\t\t\t\t\t<\/div>\n\t\t<\/div>\n\t\t\t\t\t\t\t\t<\/div>\n\t\t\t\t\t<\/div>\n\t\t<\/section>\n\t\t\t\t<section class=\"elementor-section elementor-top-section elementor-element elementor-element-f72144c elementor-section-boxed elementor-section-height-default elementor-section-height-default\" data-id=\"f72144c\" data-element_type=\"section\">\n\t\t\t\t\t\t<div class=\"elementor-container elementor-column-gap-default\">\n\t\t\t\t\t\t\t<div class=\"elementor-row\">\n\t\t\t\t\t<div class=\"elementor-column elementor-col-100 elementor-top-column elementor-element elementor-element-de195d2\" data-id=\"de195d2\" data-element_type=\"column\">\n\t\t\t<div class=\"elementor-column-wrap elementor-element-populated\">\n\t\t\t\t\t\t\t<div class=\"elementor-widget-wrap\">\n\t\t\t\t\t\t<div class=\"elementor-element elementor-element-81d4051 elementor-widget elementor-widget-text-editor\" data-id=\"81d4051\" data-element_type=\"widget\" data-widget_type=\"text-editor.default\">\n\t\t\t\t<div class=\"elementor-widget-container\">\n\t\t\t\t\t<div class=\"elementor-text-editor elementor-clearfix\"><div>Die Autorin der Neurostrukturkonzepte des Gehirns, Ingrid Elisabeth Fischer-Zach, hat romanische und deutsche Literatur, Philosophie und Soziologie in Freiburg, Berlin und Grenoble studiert und mit einer Dissertation zur Metaphorik im Werk H. de Balzacs bei Hugo Friedrich an der Universit\u00e4t Freiburg abgeschlossen.<\/div><\/div>\n\t\t\t\t<\/div>\n\t\t\t\t<\/div>\n\t\t\t\t\t\t<\/div>\n\t\t\t\t\t<\/div>\n\t\t<\/div>\n\t\t\t\t\t\t\t\t<\/div>\n\t\t\t\t\t<\/div>\n\t\t<\/section>\n\t\t\t\t<section class=\"elementor-section elementor-top-section elementor-element elementor-element-3e33ea3 elementor-section-boxed elementor-section-height-default elementor-section-height-default\" data-id=\"3e33ea3\" data-element_type=\"section\">\n\t\t\t\t\t\t<div class=\"elementor-container elementor-column-gap-default\">\n\t\t\t\t\t\t\t<div class=\"elementor-row\">\n\t\t\t\t\t<div class=\"elementor-column elementor-col-100 elementor-top-column elementor-element elementor-element-866e3b8\" data-id=\"866e3b8\" data-element_type=\"column\">\n\t\t\t<div class=\"elementor-column-wrap elementor-element-populated\">\n\t\t\t\t\t\t\t<div class=\"elementor-widget-wrap\">\n\t\t\t\t\t\t<div class=\"elementor-element elementor-element-6e21a7e elementor-widget elementor-widget-image\" data-id=\"6e21a7e\" data-element_type=\"widget\" data-widget_type=\"image.default\">\n\t\t\t\t<div class=\"elementor-widget-container\">\n\t\t\t\t\t<div class=\"elementor-image\">\n\t\t\t\t\t\t\t\t\t\t<img src=\"https:\/\/united-brains.org\/wp-content\/uploads\/elementor\/thumbs\/Image0001-ba-oxyoxemina5a6ahaings1i9wekuilg4dq0pm7urr5w.jpg\" title=\"Image0001-ba\" alt=\"Image0001-ba\" \/>\t\t\t\t\t\t\t\t\t\t\t<\/div>\n\t\t\t\t<\/div>\n\t\t\t\t<\/div>\n\t\t\t\t\t\t<\/div>\n\t\t\t\t\t<\/div>\n\t\t<\/div>\n\t\t\t\t\t\t\t\t<\/div>\n\t\t\t\t\t<\/div>\n\t\t<\/section>\n\t\t\t\t<section class=\"elementor-section elementor-top-section elementor-element elementor-element-7bccf84 elementor-section-boxed elementor-section-height-default elementor-section-height-default\" data-id=\"7bccf84\" data-element_type=\"section\">\n\t\t\t\t\t\t<div class=\"elementor-container elementor-column-gap-default\">\n\t\t\t\t\t\t\t<div class=\"elementor-row\">\n\t\t\t\t\t<div class=\"elementor-column elementor-col-100 elementor-top-column elementor-element elementor-element-060beb3\" data-id=\"060beb3\" data-element_type=\"column\">\n\t\t\t<div class=\"elementor-column-wrap elementor-element-populated\">\n\t\t\t\t\t\t\t<div class=\"elementor-widget-wrap\">\n\t\t\t\t\t\t<div class=\"elementor-element elementor-element-5ecbf9b elementor-widget elementor-widget-text-editor\" data-id=\"5ecbf9b\" data-element_type=\"widget\" data-widget_type=\"text-editor.default\">\n\t\t\t\t<div class=\"elementor-widget-container\">\n\t\t\t\t\t<div class=\"elementor-text-editor elementor-clearfix\"><p>Nach dem Studium fand sie Zugang zur \u00e4rztlichen psychotherapeutischen Fortbildung durch Prof. Dr. med. Dietrich Langen, Universit\u00e4tsklinik Mainz, der sie an einer zweij\u00e4hrigen psychotherapeutischen Fortbildung f\u00fcr \u00c4rzte teilnehmen liess. Nach seinem Tod absolvierte sie eine klassische Psychoanalyse in Karlsruhe. Gleichzeitig erwarb sie in den Ausbildungsinstituten f\u00fcr Psychodrama und Soziometrie in \u00dcberlingen und Stuttgart den Titel Psychodramaleiterin. Ein Seminar von Richard Bandler in der Schweiz beendet sie als Practitioner f\u00fcr neurolinguistische Programmierung (NLP).<\/p><p>Zur laufenden Fortbildung nahm sie an den Lindauer Psychotherapiewochen regelm\u00e4ssig teil und besuchte die Veranstaltungen der \u00d6sterreichischen Gesellschaft f\u00fcr autogenes Training und Psychotherapie in Bad Gastein. Seminare \u00fcber katathymes Bilderleben trugen zur Herausbildung der Idee der autogenen Imagination in den Aktivationen bei.<\/p><div>Ihre Praxis f\u00fcr Neurostrukturkonzepte des Gehirns und Autogene Systementspannung hat sie 1973 &#8211; 2006 betrieben.<\/div><div>\u00a0<\/div><\/div>\n\t\t\t\t<\/div>\n\t\t\t\t<\/div>\n\t\t\t\t\t\t<\/div>\n\t\t\t\t\t<\/div>\n\t\t<\/div>\n\t\t\t\t\t\t\t\t<\/div>\n\t\t\t\t\t<\/div>\n\t\t<\/section>\n\t\t\t\t\t\t<\/div>\n\t\t\t\t\t\t<\/div>\n\t\t\t\t\t<\/div>\n\t\t","protected":false},"excerpt":{"rendered":"<p>ZUR AUTORIN Die Autorin der Neurostrukturkonzepte des Gehirns, Ingrid Elisabeth Fischer-Zach, hat romanische und deutsche Literatur, Philosophie und Soziologie in Freiburg, Berlin und Grenoble studiert und mit einer Dissertation zur Metaphorik im Werk H. de Balzacs bei Hugo Friedrich an der Universit\u00e4t Freiburg abgeschlossen. Nach dem Studium fand sie Zugang zur \u00e4rztlichen psychotherapeutischen Fortbildung durch Prof. Dr. med. Dietrich Langen, Universit\u00e4tsklinik Mainz, der sie an einer zweij\u00e4hrigen psychotherapeutischen Fortbildung f\u00fcr \u00c4rzte teilnehmen liess. Nach seinem Tod absolvierte sie eine klassische&#8230;<\/p>\n<p class=\"read-more\"><a class=\"btn btn-default\" href=\"https:\/\/united-brains.org\/?page_id=229\">Weiterlesen<span class=\"screen-reader-text\"> Weiterlesen<\/span><\/a><\/p>\n","protected":false},"author":3,"featured_media":0,"parent":0,"menu_order":0,"comment_status":"closed","ping_status":"closed","template":"elementor_header_footer","meta":[],"_links":{"self":[{"href":"https:\/\/united-brains.org\/index.php?rest_route=\/wp\/v2\/pages\/229"}],"collection":[{"href":"https:\/\/united-brains.org\/index.php?rest_route=\/wp\/v2\/pages"}],"about":[{"href":"https:\/\/united-brains.org\/index.php?rest_route=\/wp\/v2\/types\/page"}],"author":[{"embeddable":true,"href":"https:\/\/united-brains.org\/index.php?rest_route=\/wp\/v2\/users\/3"}],"replies":[{"embeddable":true,"href":"https:\/\/united-brains.org\/index.php?rest_route=%2Fwp%2Fv2%2Fcomments&post=229"}],"version-history":[{"count":31,"href":"https:\/\/united-brains.org\/index.php?rest_route=\/wp\/v2\/pages\/229\/revisions"}],"predecessor-version":[{"id":399,"href":"https:\/\/united-brains.org\/index.php?rest_route=\/wp\/v2\/pages\/229\/revisions\/399"}],"wp:attachment":[{"href":"https:\/\/united-brains.org\/index.php?rest_route=%2Fwp%2Fv2%2Fmedia&parent=229"}],"curies":[{"name":"wp","href":"https:\/\/api.w.org\/{rel}","templated":true}]}}

<div data-elementor-type="wp-page" data-elementor-id="229" class="elementor elementor-229" data-elementor-settings="[]">
						<div class="elementor-inner">
							<div class="elementor-section-wrap">
							<section class="elementor-section elementor-top-section elementor-element elementor-element-741e2fe elementor-section-boxed elementor-section-height-default elementor-section-height-default" data-id="741e2fe" data-element_type="section">
						<div class="elementor-container elementor-column-gap-default">
							<div class="elementor-row">
					<div class="elementor-column elementor-col-100 elementor-top-column elementor-element elementor-element-62a0fa9" data-id="62a0fa9" data-element_type="column">
			<div class="elementor-column-wrap elementor-element-populated">
							<div class="elementor-widget-wrap">
						<div class="elementor-element elementor-element-eed8615 elementor-widget elementor-widget-heading" data-id="eed8615" data-element_type="widget" data-widget_type="heading.default">
				<div class="elementor-widget-container">
			<h5 class="elementor-heading-title elementor-size-medium">ZUR AUTORIN</h5>		</div>
				</div>
						</div>
					</div>
		</div>
								</div>
					</div>
		</section>
				<section class="elementor-section elementor-top-section elementor-element elementor-element-6b67817 elementor-section-boxed elementor-section-height-default elementor-section-height-default" data-id="6b67817" data-element_type="section">
						<div class="elementor-container elementor-column-gap-default">
							<div class="elementor-row">
					<div class="elementor-column elementor-col-100 elementor-top-column elementor-element elementor-element-3e8e549" data-id="3e8e549" data-element_type="column">
			<div class="elementor-column-wrap elementor-element-populated">
							<div class="elementor-widget-wrap">
						<div class="elementor-element elementor-element-9790ebd elementor-widget-divider--view-line elementor-widget elementor-widget-divider" data-id="9790ebd" data-element_type="widget" data-widget_type="divider.default">
				<div class="elementor-widget-container">
					<div class="elementor-divider">
			<span class="elementor-divider-separator">
						</span>
		</div>
				</div>
				</div>
						</div>
					</div>
		</div>
								</div>
					</div>
		</section>
				<section class="elementor-section elementor-top-section elementor-element elementor-element-f72144c elementor-section-boxed elementor-section-height-default elementor-section-height-default" data-id="f72144c" data-element_type="section">
						<div class="elementor-container elementor-column-gap-default">
							<div class="elementor-row">
					<div class="elementor-column elementor-col-100 elementor-top-column elementor-element elementor-element-de195d2" data-id="de195d2" data-element_type="column">
			<div class="elementor-column-wrap elementor-element-populated">
							<div class="elementor-widget-wrap">
						<div class="elementor-element elementor-element-81d4051 elementor-widget elementor-widget-text-editor" data-id="81d4051" data-element_type="widget" data-widget_type="text-editor.default">
				<div class="elementor-widget-container">
					<div class="elementor-text-editor elementor-clearfix"><div>Die Autorin der Neurostrukturkonzepte des Gehirns, Ingrid Elisabeth Fischer-Zach, hat romanische und deutsche Literatur, Philosophie und Soziologie in Freiburg, Berlin und Grenoble studiert und mit einer Dissertation zur Metaphorik im Werk H. de Balzacs bei Hugo Friedrich an der Universität Freiburg abgeschlossen.</div></div>
				</div>
				</div>
						</div>
					</div>
		</div>
								</div>
					</div>
		</section>
				<section class="elementor-section elementor-top-section elementor-element elementor-element-3e33ea3 elementor-section-boxed elementor-section-height-default elementor-section-height-default" data-id="3e33ea3" data-element_type="section">
						<div class="elementor-container elementor-column-gap-default">
							<div class="elementor-row">
					<div class="elementor-column elementor-col-100 elementor-top-column elementor-element elementor-element-866e3b8" data-id="866e3b8" data-element_type="column">
			<div class="elementor-column-wrap elementor-element-populated">
							<div class="elementor-widget-wrap">
						<div class="elementor-element elementor-element-6e21a7e elementor-widget elementor-widget-image" data-id="6e21a7e" data-element_type="widget" data-widget_type="image.default">
				<div class="elementor-widget-container">
					<div class="elementor-image">
										<img src="https://united-brains.org/wp-content/uploads/elementor/thumbs/Image0001-ba-oxyoxemina5a6ahaings1i9wekuilg4dq0pm7urr5w.jpg" title="Image0001-ba" alt="Image0001-ba" />											</div>
				</div>
				</div>
						</div>
					</div>
		</div>
								</div>
					</div>
		</section>
				<section class="elementor-section elementor-top-section elementor-element elementor-element-7bccf84 elementor-section-boxed elementor-section-height-default elementor-section-height-default" data-id="7bccf84" data-element_type="section">
						<div class="elementor-container elementor-column-gap-default">
							<div class="elementor-row">
					<div class="elementor-column elementor-col-100 elementor-top-column elementor-element elementor-element-060beb3" data-id="060beb3" data-element_type="column">
			<div class="elementor-column-wrap elementor-element-populated">
							<div class="elementor-widget-wrap">
						<div class="elementor-element elementor-element-5ecbf9b elementor-widget elementor-widget-text-editor" data-id="5ecbf9b" data-element_type="widget" data-widget_type="text-editor.default">
				<div class="elementor-widget-container">
					<div class="elementor-text-editor elementor-clearfix"><p>Nach dem Studium fand sie Zugang zur ärztlichen psychotherapeutischen Fortbildung durch Prof. Dr. med. Dietrich Langen, Universitätsklinik Mainz, der sie an einer zweijährigen psychotherapeutischen Fortbildung für Ärzte teilnehmen liess. Nach seinem Tod absolvierte sie eine klassische Psychoanalyse in Karlsruhe. Gleichzeitig erwarb sie in den Ausbildungsinstituten für Psychodrama und Soziometrie in Überlingen und Stuttgart den Titel Psychodramaleiterin. Ein Seminar von Richard Bandler in der Schweiz beendet sie als Practitioner für neurolinguistische Programmierung (NLP).</p><p>Zur laufenden Fortbildung nahm sie an den Lindauer Psychotherapiewochen regelmässig teil und besuchte die Veranstaltungen der Österreichischen Gesellschaft für autogenes Training und Psychotherapie in Bad Gastein. Seminare über katathymes Bilderleben trugen zur Herausbildung der Idee der autogenen Imagination in den Aktivationen bei.</p><div>Ihre Praxis für Neurostrukturkonzepte des Gehirns und Autogene Systementspannung hat sie 1973 &#8211; 2006 betrieben.</div><div> </div></div>
				</div>
				</div>
						</div>
					</div>
		</div>
								</div>
					</div>
		</section>
						</div>
						</div>
					</div>

<p>ZUR AUTORIN Die Autorin der Neurostrukturkonzepte des Gehirns, Ingrid Elisabeth Fischer-Zach, hat romanische und deutsche Literatur, Philosophie und Soziologie in Freiburg, Berlin und Grenoble studiert und mit einer Dissertation zur Metaphorik im Werk H. de Balzacs bei Hugo Friedrich an der Universität Freiburg abgeschlossen. Nach dem Studium fand sie Zugang zur ärztlichen psychotherapeutischen Fortbildung durch Prof. Dr. med. Dietrich Langen, Universitätsklinik Mainz, der sie an einer zweijährigen psychotherapeutischen Fortbildung für Ärzte teilnehmen liess. Nach seinem Tod absolvierte sie eine klassische&#8230;</p>
<p class="read-more"><a class="btn btn-default" href="https://united-brains.org/?page_id=229">Weiterlesen<span class="screen-reader-text"> Weiterlesen</span></a></p>
